2) + (-1 - (-20 + 12))?
1
Calculate -23 - -23 - (0 + -8 + 2).
6
What is (-47 - (-2 + -18)) + 12?
-15
-4 + (-4 - 6) + 5 - (-10 - -4)
-3
What is the value of -6 - (-1 - -15 - 11 - -11)?
-20
Evaluate 14 - (21 + (-10 - 6)).
9
What is the value of 276 + -229 - (-2 - -30)?
19
Calculate -7 - -7 - (40 - 39) - -5.
4
Evaluate 181 - 175 - (8 + 1).
-3
Evaluate -2 - (-6 + 13) - (22 - 20).
-11
Calculate -42 + 48 + -16 - (1 - 9).
-2
What is the value of 0 - (-8 - ((-27 - -27) + (1 - 4)))?
5
Calculate 88 - 79 - (0 - 0 - 3).
12
Calculate -39 + 42 - (4 + 2 + -2) - 10.
-11
Evaluate 8 - (-6 + -20) - 12.
22
What is 24 - 3 - -16 - (7 - -6)?
24
What is the value of 4 - (-6 - (-8 - -9)) - 11?
0
Evaluate -11 + 9 + (1 - 0) - -9.
8
What is -9 + (-23 - -6) + 30?
4
What is the value of -22 - (35 + -61) - (0 + 5)?
-1
What is 3 + -6 + -6 + 10 + 10?
11
52 - 89 - (-119 + 42)
40
What is the value of ((8 - 7) + (0 - -2) - 1) + -10?
-8
Calculate 4 + -13 + (1 + -1 - 0).
-9
Calculate 22 + (-17 - (-4 + (1 - 5))).
13
Calculate 12 + ((6 - -1) + 12 + -18 - 5).
8
What is the value of 74 + -77 - (8 - 0 - (0 - -3))?
-8
What is -17 + 25 + -20 + 13?
1
What is 27 - (1 - -57) - -33?
2
What is 13 + (-12 - (-10 - (3 + 0)))?
14
What is 103 + -93 - (18 + -2)?
-6
Calculate -15 + (7 - 19 - (-1 - -2)).
-28
Calculate -8 - (-5 - (-18 + 17)).
-4
-8 + -5 + 14 + -6 + 1
-4
-2 + (12 - 22) + 36
24
Calculate -18 - -17 - 26 - -52.
25
Calculate -33 - (-14 - 4 - 0).
-15
What is the value of 3 + (-15 + 9 + -2 - -10)?
5
What is -5 + -9 + 22 - (-6 + -1)?
15
What is the value of (7 - 23) + -22 + 0 + 11?
-27
What is -9 - 5 - (-32 + 12 + -11)?
17
What is the value of 68 + -63 - (4 + -3 + (-2 - -5))?
1
What is 3 + -14 + (10 - 2 - 4) - -7?
0
Evaluate -21 - (-10 + -13 - -23).
-21
Calculate (-4 + 14 - 5) + -3.
2
Evaluate -4 + (13 - (-5 + 1 - -6)).
7
What is the value of 67 + -53 + (-13 - 14)?
-13
(1 - -2 - -3 - -18) + -11 + 4
17
5 + -1 - (-29 - -25)
8
(0 - -3) + (12 - (-11 - -14))
12
What is the value of -23 + 3 + 8 + 1?
-11
Calculate 2 + (-1 - 15) - -1 - (3 - 3).
-13
What is (46 - 29 - -3) + (-12 - 1)?
7
What is -11 + (15 - (6 + 7))?
-9
What is (-3 - (-2 + 12)) + (5 - (8 + 0))?
-16
What is the value of -6 + 4 - (2 + 10)?
-14
What is the value of -7 + (-2 - (-22 - -9)) - -3?
7
What is 16 - ((2 - -18) + 3)?
-7
Evaluate -30 - ((-25 - 0) + -1).
-4
What is -2 + -7 - (7 - (7 + -5))?
-14
What is 3 + -5 + (4 + 7 + -18 - -6)?
-3
Evaluate 332 + -327 - (0 + (-2 - -1) - -1).
5
What is the value of -9 - (-11 + -6) - ((-10 - -3) + 3)?
12
Calculate -10 + -4 + -10 + 15 - 30.
-39
What is the value of -1 + 12 - (-39 + 77 - 39)?
12
Evaluate 9 + (5 - 4 - (-13 - -10)).
13
Evaluate (-1 - -2) + (12 - -4) + -24.
-7
Evaluate (10 - 0) + (-29 - -18 - 10).
-11
What is the value of (15 + -9 - -10) + 3 + -30?
-11
Calculate (16 - 15) + -11 - (-11 + -8).
9
Evaluate 2 + -10 + (-9 + -3 + 27 - 17).
-10
Calculate -22 - (-12 + -14 + -7).
11
What is -23 + 4 + (20 - 4)?
-3
(55 - (28 + -1)) + -30
-2
Evaluate 43 + -31 + (0 - -2 - 5).
9
Evaluate (74 - 72 - (3 - 1)) + -11.
-11
What is 1 + 10 + (37 - -6 - 29)?
25
What is 14 + (-28 - ((-1 - -10) + -24))?
1
Evaluate 12 - ((-11 - (15 - 15)) + 47).
-24
What is the value of -11 + 10 + -7 - (-5 - -1)?
-4
Calculate -1 + (1 - 3 - -8 - (-1 - -1)).
5
Calculate 2 - ((0 - (-8 + 8)) + -13).
15
Evaluate -7 - (-19 - -20 - 20).
12
What is -93 + 132 + 2 + -12 + -10?
19
What is 64 + -4 + -31 + (1 - 2) + -4?
24
Evaluate 14 + (2 - -1) - (84 + -76).
9
What is the value of 0 + 4 - (-15 - (-22 - 4))?
-7
What is -6 - (8 + 0 + -23)?
9
Evaluate 9 - (-9 + 19 - 13).
12
What is -1 - (-1 + 3 + 18)?
-21
(2 - -4) + 28 + -42
-8
Calculate 22 - (0 - (-4 + -1 - -7 - 3)).
21
What is the value of 22 + 14 + (-13 - (2 + 2))?
19
Calculate (-22 - 8 - -20) + (-3 - -1).
-12
20 - (14 + 3 + -12 - -2)
13
What is the value of 15 + -9 + 6 - 9?
3
What is -6 + -4 + 21 + -13?
-2
21 + (0 - 6) + 16 + -11 + -3
17
Evaluate -18 + -1 + 8 - (2 - 1).
-12
Calculate 53 + (-36 - -5) + -55.
-33
What is the value of 2 + -1 + 8 + 11 + -12?
8
What is 6 + (7 - 27 - (-4 + -3 + 2))?
-9
Calculate (-5 + (-4 + 29 - 6) - 1) + -3.
10
Evaluate (-10 - -12) + (52 - 45).
9
(-8 - -14) + 3 + -16 - (-18 + 10)
1
Calculate (7 - 6) + -1 + (6 - (-4 - -2)).
8
226 + -235 + (5 - (0 + -1))
-3
Calculate -1 + -12 + 2 + 3 + (0 - 2).
-10
Calculate 11 + (-11 - -5) - (-1 + 0).
6
What is -9 - (-1 + -34 - -1 - (-143 - -149))?
31
What is -8 - (-7 - -4) - (2 - 5)?
-2
Evaluate (-41 - -15) + 19 - (-1 + 4 - -5).
-15
Evaluate -7 - 5 - (-13 + 7).
-6
What is 20 - 37 - 7 - -6?
-18
Evaluate -12 + -1 + 6 + 2 - -3.
-2
Evaluate -3 + 1 - (2 + (18 - 20)) - 8.
-10
Calculate (-9 - 1) + -10 + (11 - (8 + -15)).
-2
What is the value of (-1 + 3 - (-3 + 4)) + -11 + 7?
-3
-22 + 27 - 0 - (-2 - -10)
-3
16 - (-13 - (-22 + 7 - 8))
6
What is -26 + 8 - (-27 + 11)?
-2
What is -18 + (10 - (20 + -19))?
-9
1 + -4 + (0 - 1 - (-48 - -41))
3
Evaluate 3 + (-17 - -7) + -1 + 5 + 1.
-2
51 + -51 - (6 + -10 - -13)
-9
Calculate (11 - 5) + (-8 - -3) - -13.
14
-19 - (-6 - (-3 - -5)) - -3
-8
What is -19 - (-31 - (-35 - -15))?
-8
What is -2 + -14 + (2 - (-5 - 1) - 2)?
-10
What is 12 + (-20 - -12) - 6?
-2
What is the value of -19 - (-23 - 1 - 13)?
18
What is 15 + -8 - 0 - -7?
14
What is (7 - 21) + -7 + 10?
-11
0 + 8 + (-7 - -8) + -6 + 21
24
(3 + -1 - (-17 - 1)) + -8 - 10
2
Calculate -2 + (12 - -3) + 30 + -32.
11
-8 - (2 - 1 - (17 - (23 - 2)))
-13
Evaluate -671 + 705 - (1 - -40).
-7
What is the value of -42 + (27 - (20 - 10))?
-25
What is the value of -3 + 1 + 29 + 14 + -29?
12
Evaluate (2 - 5) + (16 + -18 + 9 - 6).
-2
What is the value of 0 + 2 - (12 + -14 + 9)?
-5
Calculate -14 + 23 + 3 + -15.
-3
What is 553 + -577 - (-2 - (2 - 1 - 1))?
-22
Evaluate 1 + (-7 - (-18 - (-7 - -2))) + -1.
6
Calculate -15 - -1 - (12 + -56 - -6).
24
(14 - -12) + -44 + 1
-17
Evaluate (1 - -1 - 12) + (-19 - (-20 + -4)).
-5
What is 13 - (44 - 36 - (12 - -2) - -3)?
16
-12 + (26 - -7) + -26
-5
What is (6 + (-7 - -2) - -4) + -1?
4
What is 11 + 18 - 12 - 11?
6
Calculate -11 + (-9 + 3 - -6) + 5.
-6
What is -2 + -2 + 7 + -1 + 0 - -1?
3
What is the value of -1 + -9 + -450 + 470?
10
What is -15 + (13 - (-1 + -2))?
1
-185 - -200 - (19 + -3)
-1
What is the value of (-9 - (-16 - -12)) + (4 - -6)?
5
Calculate 6 + (5 - 12) + 10 + 17.
26
What is (-22 - (-14 - (-8 - -1))) + 9 - -1?
-5
6 + 3 + (-4 - -9) + -9
5
(15 - -17) + -23 + 2 + -3
8
What is 8 + -17 + (1 - 42) - -19?
-31
What is the value of (-5 + 6 + -10 - -13) + 1?
5
What is -4 + 6 - (-2 + 2 - (0 - 1))?
1
0 + -6 + 9 + 5 + -8 + 7
7
What is the value of -2 + 1 - (-24 + 25)?
-2
What is -14 - (13 + (-52 - 0) - -16)?
9
What is (-18 - (12 + -47)) + -34?
-17
Calculate -1 - 1 - (-45 + 13 - -19).
11
What is the value of (-29 + 15 - 11) + 14?
-11
Evaluate 23 - (-2 + 19 - -33).
-27
(-15 - -29) + -7 - (-2 + 3 + 3)
3
What is -1 - (0 + (7 - 12)) - 14?
-10
4 + (4 + 2 - (-2 - (-1 + -12)))
-1
0 - 2 - (29 - (8 - -34))
11
(14 + 12 + -4 + -14 - 3) + 6
11
What is (0 - -17) + (-12 - (-6 + -2))?
13
Evaluate (11 - (13 - -16)) + 35.
17
Evaluate -8 + 11 + -9 - -14.
8
Evaluate -4 + (1 - -1) + 0 + -6.
-8
What is the value of -112 + 116 + (-21 - (1 + 2 - 6))?
-14
(-876 - -880) + 1 + 1 + 0
6
-4 + 14 + 8 + -11
7
Calculate -35 - -23 - (-10 - -7).
-9
Calculate 1 + (-7 - -11) + -13.
-8
What is the value of -5 + (-10 - (-5 + -1)) + (8 - 3)?
-4
Evaluate 13 + (-14 - -5) + -1.
3
Evaluate -4 + (10 - 8) + -3 + 10.
5
14 + (-6 - (-16 - -4 - -4))
16
-10 + 14 - (-16 - -6)
14
What is the value of 8 + (-3 - 32) + 16 + -3?
-14
What is -9 + (9 - ((15 - 12) + -5))?
2
What is (5 - (-9 + 17) - 5) + 1 + 7?
0
125 - 130 - (4 + -3)
-6
Evaluate 51 - (-29 - (-4 - 59)).
17
What is the value of 26 + -1 + -17 - (-14 + 3 + 1)?
18
Evaluate -4 + -14 + -1 - -3.
-16
(144 - 159) + 16 + 5 - (0 + 35)
-29
Evaluate -17 - 3 - (-30 + 15).
-5
Calculate -12 - -1 - -14 - 7.
-4
Evaluate 5 + (5 - 8) + 2 - 6 - 5.
-7
Calculate 2 - 4 - ((-29 - -9) + 10 + -2).
10
What is (52 - 22 - 13) + (2 + -4 - -5)?
20
Evaluate (0 - -7) + 448 + -461.
-6
-27 + 13 + -20 + 15
-19
Calculate -17 + (14 - 2 - 0) + 11.
6
What is -7 + (2 + -8 - -2 - (-4 - 0))?
-7
Evaluate -4 + 1 + 1 + (-17 - -7) + -2.
-14
Evaluate 19 - (0 - (-4 - (-6 - -1)) - -7).
13
What is the value of 4 + (-2 - ((1 - 4) + 25))?
-20
What is the value of -8 + 1 - ((-13 